. Let y = b + 97. Let p(r) = -r**2 - 34*r - 26*r + 65*r - y. Determine p(4).
3
Let r be (22/77)/((-2)/(-70)). Let v be (-4)/r - -7*(-42)/(-35). Let w(s) = -31*s - 6*s**2 - s**2 + 35*s - v + s**3. Determine w(6).
-20
Let n(z) = -8*z - 7. Let j = -115 + 113. Determine n(j).
9
Let z(y) = 23*y**2 + 2*y + 18. Let p(b) = -37*b**2 - 3*b - 29. Let o(w) = -8*p(w) - 13*z(w). What is o(3)?
-35
Let h(o) = o**2 + 4*o - 2. Suppose 51*j = -1153 - 2268 - 557. Let u = 130 - 56. Let q = u + j. Give h(q).
-2
Let i(p) = 5*p**2 - p + 248. Let v(a) = 14*a**2 - 2*a + 740. Let k(b) = 17*i(b) - 6*v(b). Let r(t) be the first derivative of k(t). What is r(-6)?
-17
Let s be 1/1*-1*7. Let r(w) = -15*w + 3. Suppose 7*m - 905 = -926. Let p(u) = 23*u - 3. Let d(l) = m*r(l) - 2*p(l). Calculate d(s).
4
Suppose 33 = 3*v + 3*h, 3*v - h + 6 - 43 = 0. Suppose 4*u + 0*u = v. Suppose u*c - 6*y + 2*y + 22 = 0, -5*c - 34 = -4*y. Let x(w) = w**2 + 7*w. Determine x(c).
-6
Let x be (-160)/(-60)*(-3)/(-2). Let z(b) = -17*b - 1 - 6*b + 5*b + x*b. Determine z(-1).
13
Let d = -1190 + 1193. Let s(z) = z**2 + 6*z - 5. Calculate s(d).
22
Let f = 63 + -67. Let q(x) = 16*x + 25. Let r(s) = 5*s + 7. Let k(j) = 2*q(j) - 7*r(j). Give k(f).
13
Let k(u) = -u**2 + 1. Let r(d) = 4*d**3 + 2*d**2 - 3*d + 1. Suppose -14*b - 10*b = -24. Let z be r(b). What is k(z)?
-15
Let j(r) = 3 + 3 - 5 - r**2 + 6*r. Let f be (-92)/115 + ((-134)/(-5) - -1). Suppose -129 = -f*s + 6. What is j(s)?
6
Let t(i) be the first derivative of 6*i**2 + 24*i + 6705. Determine t(-10).
-96
Let f(g) = 0 + 14*g - 3 - 10*g. Let w = 6 - 5. Let h = 1 + w. Calculate f(h).
5
Let i(z) be the first derivative of z**2 - 30*z - 2. Suppose -4008 - 5406 = -523*s. Determine i(s).
6
Let j = 446 - 198. Let r(g) = 1 + j*g**2 - 2 + 0*g + g - g**3 - 251*g**2. Give r(-2).
-7
Let i(z) = -30*z + 58. Suppose -r - 6 = 4*l, -3*r - 4 + 18 = -4*l. Calculate i(r).
-2
Let x be (-1)/(3 - 14/4). Let j be 1/(3/8 + (-3)/12). Let n(f) = j*f - 9*f**2 - 7*f + 12*f**x. What is n(2)?
14
Let f be (2 - 3)*(-371)/7. Let v = f - 48. Let w(k) = -5*k**2 + k**2 + 3*k**2 + 3*k. What is w(v)?
-10
Let a(z) = z**3 - 11*z**2 - z + 15. Suppose 0 = 10*n - 7*n + p + 38, 0 = 4*p - 16. Let c be 18/6 + (2 - 8) - n. Determine a(c).
4
Let f = -121 - -134. Suppose -f*c = 2 + 50. Let d(v) = v + 4. What is d(c)?
0
Let a = -146 + 156. Suppose 4*z + 5*g = 3*z + a, -5*g + 10 = 5*z. Let h(m) = m**2 - m - 8. Determine h(z).
-8
Let p(y) be the second derivative of 25*y**3/6 - 99*y**2/2 - 1267*y. Give p(4).
1
Let i(k) = k**3 - 8*k**2 + 10*k - 7. Let v(g) = -g**2 - 24*g - 19. Let l be v(-17). Let x = 107 - l. Determine i(x).
14
Let o(s) be the second derivative of s**3/3 - 6*s**2 + s. Suppose -3*w - 3*n + 451 = 388, 45 = -w + 5*n. Give o(w).
8
Let w(b) be the third derivative of b**6/120 - b**5/30 + b**3 - 3226*b**2. What is w(-3)?
-39
Let l be 16/6*(-4 - 76/(-16)). Suppose l*m = -13*m + 15. Let i(a) = 15*a**2 + 1. Calculate i(m).
16
Let u be -4 - -1 - (11 - 14). Let v = 0 - u. Let j be v - (30/(-5))/3. Let l(o) = -4*o + 3. Calculate l(j).
-5
Suppose 0 = 13*z - 15*z + 1172. Let x(t) = t - 4 + z*t**2 - 290*t**2 - 295*t**2. Calculate x(-6).
26
Let z(y) = -y**2 + 7*y + 2. Let w be z(6). Suppose 4*j = -7*v + 4*v + 88, 2*v + j - 67 = 0. Let r(m) = -m**2 + 7*m - m + 25 - v + 22. Determine r(w).
-5
Suppose 40 = -o + 10. Let x be 54/(-10)*(-20 - o/6). Let f = -77 + x. Let i(m) = m**3 - 4*m**2 + m - 3. Determine i(f).
1
Let p(u) be the third derivative of -u**4/4 - 14*u**3 + 3*u**2 - 318*u + 1. What is p(-13)?
-6
Let n(j) be the third derivative of -1/2*j**3 + 0 - 9*j - 1/4*j**4 - 4*j**2. Calculate n(4).
-27
Let v(b) be the third derivative of 23/60*b**5 - 1/12*b**4 + 0*b + 5 + 5*b**2 - 1/6*b**3. What is v(-1)?
24
Suppose 2*u = -2*f - 2*u + 24, -4*u + 18 = -f. Let r(w) = -7 + 2*w + w**3 - 25*w + 6*w**2 + 0*w**f + 14*w. Give r(-7).
7
Suppose -7*w - 82*w + 263 + 360 = 0. Let m(b) = -3*b**2 + 18*b + 28. What is m(w)?
7
Let d(s) = -5*s - 54. Let n = -2202 - -2191. Calculate d(n).
1
Let b(t) = -t**3 - 11*t**2 + 11*t - 15. Suppose -j + 30 = -5*q, -4*q = 3*j + 3 + 2. Suppose 5*l = -v - 12, j*l - l = 0. Determine b(v).
-3
Suppose 0 = -3*o + 5*t + 72, -5*t + 7*t - 93 = -3*o. Let r(s) = 58 - 25 - o + 9*s + s**2. Calculate r(-9).
4
Suppose -67*f + 70*f - 2*k = 86, -5*k = 20. Let h(a) = -a**2 + 24*a + 63. Give h(f).
11
Let g(s) be the third derivative of s**8/840 + s**7/2520 - 23*s**4/12 - 3*s**2 + 2*s. Let v(o) be the second derivative of g(o). What is v(1)?
9
Let r(g) = 6*g**2 - 6*g. Let q be 6408/16020 - (16/(-10) - 0). Determine r(q).
12
Let q(x) be the first derivative of -x**4/4 - x**3/3 + 9*x + 2334. Determine q(4).
-71
Suppose -4*r = -2*z - 14, 6*z + 13 = 2*r + 3*z. Let c = -6900 - -6902. Let m(t) = -4 + 5 + c*t - 2*t - r*t. Give m(2).
-3
Let a = -5 + 8. Suppose 6*z - 21 = 3*x + 3*z, 15 = -x + a*z. Let c(q) be the second derivative of q**5/20 + q**4/3 + q**3/3 - q**2/2 + 1260*q. Give c(x).
2
Let g(q) = -q**3 + 9*q**2 + 8*q + 14. Let l be g(10). Let v = 0 - l. Let s(z) = 254*z + 106. Let t(k) = 77*k + 32. Let j(m) = -10*s(m) + 33*t(m). What is j(v)?
2
Let i = -3 - -7. Let z(f) = 3*f - 21. Let j(g) = -2*g + 10. Let q(p) = 2*j(p) + z(p). Let d(h) = -9*h**2 + 4*h + 5. Let o(m) = i*q(m) + d(m). Calculate o(-1).
-8
Let i(m) = 3*m**2 - m - 6. Suppose 130036 = 11*p + 130080. Give i(p).
46
Suppose -p - 108 = -5*o + 51, -113 = -3*o + 5*p. Let f(u) = -27 + 4*u**2 - u**3 - 15*u + 10*u + o. Determine f(4).
-16
Let a(b) be the third derivative of -7*b**4/8 - 7*b**3/3 - 14*b**2 + 5*b - 2. Give a(-2).
28
Let b(d) = -3*d**2 - 22*d + 4. Let c(w) = 125*w - 632. Let v be c(5). Give b(v).
11
Let l(g) be the second derivative of g**3/2 - 2*g**2 + 2*g. Let v(j) = -1. Let d(m) = -l(m) + 2*v(m). Let b be (7 - 1)/(2*(1 - 2)). Determine d(b).
11
Let b(s) = s**2 + s + 4. Suppose 5 + 55 = 2*x. Let i be (-2)/(-10) - (-2 + 156/x). Calculate b(i).
10
Let k(n) = n**3 + 18*n**2 + 16*n - 24. Suppose -14 = q + 3*r, r + 31 = 5*q + 117. Give k(q).
-7
Suppose -35 = -10*t + 85. Let g be (4 - 2)/(6/t). Suppose g*z - 17 = 3. Let b(n) = -2*n - 7. What is b(z)?
-17
Suppose 0 = -18*j + 79*j - 400 - 454. Let o(z) = -4*z + 16. Calculate o(j).
-40
Let g(f) = -29*f - 38. Let u(q) = -9*q - 12. Let r(i) = -4*g(i) + 13*u(i). Give r(8).
-12
Let i = 24193 + -24155. Let g(b) = -4*b + 113. Give g(i).
-39
Let b(m) = -m**2 + 7*m - 15. Let a be -18 + 12 - (-2)/4*26. What is b(a)?
-15
Let x(y) be the third derivative of y**4/6 - 13*y**3/6 + 5*y**2. Let c = 2989 - 2985. What is x(c)?
3
Let t(y) = -7*y**2 - 56*y + 212. Let o(k) = 11*k**2 + 89*k - 319. Let v(b) = -5*o(b) - 8*t(b). Give v(0).
-101
Let j = -7 - -12. Suppose -5*k = 37 - 47. Suppose j*u + k*l = l + 7, -3*u + l = -1. Let b(n) = 3*n**2. Give b(u).
3
Let b(t) = -3 - t**2 + 3*t**2 + t**3 + 3*t + 0. Suppose 5*m + 2*f - 1 = -10, -5*f = -4*m - 27. What is b(m)?
-21
Suppose -3*a - 15 = -5*z, -2*a = 3*z - z - 22. Suppose 3*k - 12*j + 8*j = -4, -j - z = k. Let d(q) = q + 5. Give d(k).
1
Let l be (7/(-3))/(8/(-48)*2). Let p(t) = -l*t**2 - t**3 + 0*t + 12*t + 5 - 10*t - 3*t. Give p(-5).
-40
Let m(c) = 14*c - 64. Let l(u) = 2*u + 2. Let h be l(-4). Let w(z) = 5*z - 22. Let o(n) = h*m(n) + 17*w(n). Calculate o(-9).
1
Let d(h) = -h**3 - h + 2. Let a be d(0). Let n(s) = 0*s**2 - 7 - 4*s**a - 4*s**2 - s**3 - s**2 - 8*s. Suppose -93*t = -96*t - 24. Calculate n(t).
-7
Let r(j) = -7 + 14 - 14 - 4*j - 20. What is r(-10)?
13
Let d(v) be the third derivative of v**4/24 - v**3/2 - v**2. Suppose 27*i - 11*i - 8160 = 0. Let t be (2/6)/(34/i). Give d(t).
2
Let c be (6/(-10))/(2*5/100). Let h be (9 + c)/((-5)/(-16 - -1)). Let u(g) = g**2 - 11*g + 11. Give u(h).
-7
Let u(v) = v**3 - 17*v**2 - 2*v + 40. Let y be u(17). Let d(a) = -2*a**2 - 6*a + y*a**3 - 7*a**3 - 2*a**2 - 5 + 7*a. What is d(-4)?
-9
Let s = 477 + -477. Suppose s = -2*h - 29 + 21. Let m(x) = -x**3 - 6*x**2 - 9*x - 3. What is m(h)?
1
Let a(n) = -13*n + 25. Let d(q) = -37*q + 73. Let w(y) = -11*a(y) + 4*d(y). Let k(m) = -4*m + 16. Let p(r) = 6*k(r) - 5*w(r). Give p(-4).
7
Let d(s) = s**2 + s + 2. Let z(y) = -y**3 + 5*y**2 - 18*y - 4. Let g be z(6). Let l = g + 145. Give d(l).
8
Let n(z) = z + 46. Let t be n(-16). Let g be (-36*(-3)/t)/((-9)/(-30)). Suppose 8*v - 2*v = g. Let 